13
Suppose -h - 1 = 1. What is the remainder when h/(-4) - 94/(-4) is divided by 13?
11
Let u(h) = 3*h + 4. Suppose 3 = 2*o + 9. Let m be u(o). Let x = m - -10. What is the remainder when 14 is divided by x?
4
Let o(p) = 3*p**2 - 3 + 11*p - 3*p**2 + 1 - p**2. Calculate the remainder when o(8) is divided by 8.
6
Suppose -3*y + 59 = -5*i, 2*i - 1 = -y + 4. What is the remainder when -8*9*3/(-6) is divided by y?
10
Suppose 1 = -2*o + 2*p + 11, -10 = 5*p. Let l be 18/14 - (-4)/(-14). Suppose 5*g - 20 = o*z, 4*z + l = 2*g + g. What is the remainder when 18 is divided by g?
4
Suppose -5*h = 3 - 48. Suppose 5*i = 4*w - h*w + 310, 142 = 2*i - 4*w. Calculate the remainder when i/9 - 2/9 is divided by 4.
3
Let w = 0 - -39. Suppose -2*r + 26 = 6. What is the remainder when w is divided by r?
9
Let r(i) = -2*i - 16. Let m(t) = -3*t - 1. Calculate the remainder when m(-1) is divided by r(-9).
0
Suppose -t = -2*t - m + 30, 0 = -3*m + 15. Let k = 2 + t. What is the remainder when k is divided by 7?
6
Suppose 6 = -3*r + 21. Suppose r*d = i - 32, 3 = -i - 0*d - 2*d. Calculate the remainder when i is divided by 3.
1
Let a be 5/((-15)/6) - -10. Let s be 2*a/10*5. Let f(t) = -t**3 + 8*t**2 + 3*t - 10. Calculate the remainder when 41 is divided by f(s).
13
Let o(c) = 5*c**2 + 3*c - 2. Let g(a) = -a**3 - 5*a**2 - a - 3. Let u be g(-5). Calculate the remainder when o(u) is divided by 13.
11
Let z(a) = 2*a**2 + 5*a + 3. Let t = 3 - 6. What is the remainder when 10 is divided by z(t)?
4
Let u = 78 - 49. What is the remainder when u is divided by 10?
9
Let n(v) = -8*v - 1. Let i = 1 - 4. Suppose -3*a + 59 = 5*z - 2*a, 4*a - 32 = -3*z. Calculate the remainder when n(i) is divided by z.
11
Let i(u) = -14*u**3 - 2*u**2 + 1. What is the remainder when (-15)/(-2)*(-20)/(-3) is divided by i(-1)?
11
Suppose 7*d - 2*d - 100 = 0. Calculate the remainder when 39 is divided by d.
19
Let p be 1/(-4) - (-165)/20. Let f = 41 + p. What is the remainder when f is divided by 17?
15
Let f(b) = -b + 3. Let u = -28 - -41. Let j = 1 + u. What is the remainder when j is divided by f(-5)?
6
Let c = 32 + -14. Let w(o) = -11*o**2 - 13. Let f(k) = 6*k**2 + 7. Let i(a) = -7*f(a) - 4*w(a). Calculate the remainder when i(5) is divided by c.
17
Let f = 30 - 46. Calculate the remainder when (f/(-20))/(2/35) is divided by 8.
6
Let t be -2*(-2 - -3) - -7. Suppose -u - 2 = -t. Suppose 2 = u*s - 37. Calculate the remainder when 37 is divided by s.
11
Let n(l) = l**3 - l + 12. Let i be n(0). Suppose v - 20 = i. What is the remainder when v is divided by 11?
10
Let b(f) = f + 2. Let w be (-104)/(-18) - 2/(-9). What is the remainder when 13 is divided by b(w)?
5
What is the remainder when ((-133)/(-14))/((-2)/(-4)) is divided by 7?
5
Let q(h) = 6*h + 4. Let r(o) = -6*o - 4. Let i(n) = -4*q(n) - 5*r(n). Calculate the remainder when i(5) is divided by 190/16 - 2/(-16).
10
Suppose 0 = s - 3*s + 2. Let p(r) = 38*r**3 - r**2. Calculate the remainder when p(s) is divided by 20.
17
Let i = 55 - 37. Suppose 0 = 2*b + n + 3, 0 = -4*b + 4*n + 13 - 1. Suppose b = -u + 43 - 9. What is the remainder when u is divided by i?
16
Let b(h) = 14*h**2 + 3. Calculate the remainder when b(-2) is divided by 15.
14
Suppose -4*h = -7*h + 9, -3 = -b + 3*h. What is the remainder when b is divided by 7?
5
Let r = 10 - 6. Suppose r*u - 4 = 16. What is the remainder when 8 is divided by u - (0/(-3) + 0)?
3
Let v(p) = 11*p - 11. Calculate the remainder when v(12) is divided by 41.
39
Let z = 44 + 42. Let w(m) = 4*m**3 - 2*m + 1. Calculate the remainder when z is divided by w(2).
28
Suppose 0 = -5*x - b + 17 + 5, 5*x - 16 = -3*b. Suppose v + x*w = -0*w, -4*v + 24 = -4*w. Calculate the remainder when 18 is divided by v.
3
Suppose 0*h + 4*w = -2*h + 194, 510 = 5*h + 5*w. Calculate the remainder when h is divided by 27.
26
Let y = 30 - 9. What is the remainder when 26 is divided by (2/3)/(2/y)?
5
Let l = 5 - 1. Suppose n = -4*q + 22, -l*n + 3*q + 2 = -10. What is the remainder when n is divided by 4?
2
Suppose -2*h - 2 = -3*h. Let w = h - 0. Suppose -3 = w*p + 5*v, 4*p + 0*v + 3*v = 29. Calculate the remainder when p is divided by 6.
5
Suppose 4*y - 152 = 2*y. Let d = y + -26. What is the remainder when d is divided by 13?
11
Let r = 4 - 1. Suppose 2*c + y + 0 = 16, -c + 22 = -r*y. Calculate the remainder when 28 is divided by c.
8
Let x(y) = 3*y**2 - 2*y - 5. Let r(a) = a**2 + a + 1. What is the remainder when r(5) is divided by x(3)?
15
Let u be ((-2)/(-3))/((-2)/12). What is the remainder when (-183)/u - (-2)/8 is divided by 16?
14
Suppose -z = -2*z + 45. Let u = 40 - 28. What is the remainder when z is divided by u?
9
Let r(t) = -t**3 + 11*t**2 - 7*t. Let j be r(10). Suppose -4*c + j = -66. Calculate the remainder when c is divided by 13.
11
Let w = -24 - -40. Calculate the remainder when 77 is divided by w.
13
Suppose -116 = -2*l + 4*f, -3*f + 9 = 3. What is the remainder when l is divided by 21?
20
Suppose 3*d = 2*d + 19. Suppose 89 = 3*i + 4*b, -i + 4*b = 4*i - 127. Let y = i + d. What is the remainder when y is divided by 12?
10
Let c be 19/(-4) - 1/4. Let h be (-2 - c)/((-3)/2). Calculate the remainder when -1 + 6*3 - h is divided by 10.
9
Let p(q) = 8*q**2. Let s be p(1). Let y(k) = k**2 - 7*k + 11. Suppose -282 = -5*o + 2*t, -t - 1 = -0. Calculate the remainder when o is divided by y(s).
18
Let t(l) = l**2 + 2*l. Let d be t(-2). Suppose d = -0*r - r. Suppose 0 = j - r - 14. What is the remainder when 40 is divided by j?
12
Calculate the remainder when (1/2 + (-297)/18)/(-1) is divided by 6.
4
Suppose 29 = 2*s + 5*i, 2*s + 3*i - 4 - 19 = 0. What is the remainder when 25 is divided by s?
4
Suppose 4*x = 2*x - 8, -5*l - 2*x = -212. Calculate the remainder when l/3 + 3/9 is divided by 9.
6
Suppose -6*b + 32 = -2*b. Let j = b + -20. Let m = j + 22. What is the remainder when 39 is divided by m?
9
Let t(y) be the first derivative of y**3/3 + 5*y**2/2 + 1. Calculate the remainder when 39 is divided by t(-7).
11
Let s(x) = -6*x - 1. Calculate the remainder when s(-2) is divided by 6.
5
Let j = 54 - 34. Calculate the remainder when j is divided by 5.
0
Let m(z) = z**2 - 14*z - 17. Let t be m(16). Let r = t + -5. Calculate the remainder when 18 is divided by r.
8
Let b(y) = -y**2 - 8*y + 3. Let j(t) = -t**3 + t**2 + t + 4. What is the remainder when j(0) is divided by b(-8)?
1
Suppose 0 = -15*v + 149 + 106. Suppose 46 = 2*b - 4*n + 4, 0 = b + 3*n - 46. What is the remainder when b is divided by v?
14
Let j = 21 - 22. What is the remainder when (-374)/(-33)*(-3)/j is divided by 12?
10
Suppose 37*p + 5 = 38*p. Let o be (3/(-2))/(-3)*0. Suppose o = -2*v + 18 + 10. What is the remainder when v is divided by p?
4
Suppose -4*k - 4*c = -5*c - 138, 5*k - 169 = 3*c. What is the remainder when k is divided by 12?
11
Suppose 0 = 2*h - 98 - 26. Let c = h + -36. Suppose 3*b - 12 = 0, -25 = -3*l + b + 13. Calculate the remainder when c is divided by l.
12
Let c = -50 + 62. What is the remainder when 1/(-4) + (-274)/(-8) is divided by c?
10
Let i(z) = z**2 - 9*z + 8. Let w be i(7). What is the remainder when 37 is divided by ((-4)/(-6))/(w/(-171))?
18
Suppose 293 + 397 = 5*h. Let a = -52 - -96. What is the remainder when a is divided by (1/(-3))/((-2)/h)?
21
Let j be (-2 + 10)*(-1)/(-2). What is the remainder when 10 is divided by ((-18)/j)/((-3)/4)?
4
What is the remainder when 129 is divided by (12/(-8))/(9/(-132))?
19
Suppose -l + 6*l = 205. Calculate the remainder when l is divided by 11.
8
Let f(d) = -2*d - 11. Let a be f(-7). Suppose -p = -h - 20, a*p + 5*h = -0*p + 68. What is the remainder when 81 is divided by p?
18
Suppose 3*j - 7 + 0 = 4*k, j = -3*k + 11. Let i(m) = 2*m**2 - 4. Calculate the remainder when j is divided by i(2).
1
Let n be ((-3)/(-2))/((-12)/(-16)). What is the remainder when 41 is divided by (1/n)/((-1)/(-28))?
13
What is the remainder when ((-144)/(-15))/((-12)/(-40)) is divided by 12?
8
Let k = 6 + -2. Let a = k + -3. What is the remainder when a is divided by 1?
0
Let a(d) = d**3 + 12*d**2 - 7*d + 12. Let t be a(-11). Suppose -u + 42 = 4*s, t = 4*u - s + 3*s. Calculate the remainder when u is divided by 29 + (-1)/1*1.
26
Let b(p) = -p**2 + 7*p - 5. Let f = -10 + 18. Let o be b(f). Let i = o - -28. What is the remainder